{"id":2681,"date":"2020-02-28T13:16:44","date_gmt":"2020-02-28T13:16:44","guid":{"rendered":"https:\/\/mentoring-coaching.msf.org\/?page_id=2681"},"modified":"2020-02-28T13:16:47","modified_gmt":"2020-02-28T13:16:47","slug":"developpement-professionel-pour-mentors","status":"publish","type":"page","link":"https:\/\/mentoring-coaching.msf.org\/?page_id=2681&lang=fr","title":{"rendered":"D\u00e9veloppement Professionel pour Mentors"},"content":{"rendered":"\n<div class=\"wp-block-group\"><div class=\"wp-block-group__inner-container is-layout-flow\">\n<h2 class=\"wp-block-heading\">Le d\u00e9veloppement professionnel continu (CPD)<\/h2>\n\n\n\n<p>L\u2019offre du CPD (Continuous Professional Development) r\u00e9pond \u00e0 un besoin exprim\u00e9 par les mentors\u00a0: celui de continuer \u00e0 am\u00e9liorer leurs comp\u00e9tences ainsi que leurs connaissances. Cette offre est le r\u00e9sultat d\u2019un effort de la part du Mentoring &amp; Coaching Hub et des managers des programmes de mentorat de diff\u00e9rents centres op\u00e9rationnels.\u00a0<\/p>\n<\/div><\/div>\n\n\n\n<div style=\"height:20px\" aria-hidden=\"true\" class=\"wp-block-spacer\"><\/div>\n\n\n\n<h2 class=\"wp-block-heading\">Le d\u00e9veloppement professionnel en ligne<\/h2>\n\n\n\n<section class=\"wp-block-uagb-columns uagb-columns__wrap uagb-columns__background-undefined uagb-columns__stack-mobile uagb-columns__valign-undefined uagb-columns__gap-10 alignwide uagb-block-94c31d96-7d40-4587-ae4b-a9b733f429e0\"><div class=\"uagb-columns__overlay\"><\/div><div class=\"uagb-columns__inner-wrap uagb-columns__columns-3\">\n<div class=\"wp-block-uagb-column uagb-column__wrap uagb-column__background-color uagb-block-049b72ef-3db4-43a2-8554-73d645e5e93f\"><div class=\"uagb-column__overlay\"><\/div><div class=\"uagb-column__inner-wrap\">\n<p><strong>WEBINAR <\/strong><\/p>\n\n\n\n<ul><li>Sessions d&#8217;une heure.<\/li><li>Ouvert \u00e0 tous les mentors.<\/li><li>Revoyez ou am\u00e9liorez vos connaissances th\u00e9oriques en mentorat.<\/li><\/ul>\n\n\n\n<p>Tous les webinars sont <a href=\"https:\/\/www.youtube.com\/playlist?list=PLKIdMJNP9Nc3k1asXlZe2lKnvEYtz2OEj\">ici<\/a>.<br>Regardez le <a rel=\"noreferrer noopener\" href=\"https:\/\/mentoring-coaching.msf.org\/events\/list\/\" target=\"_blank\">calendrier<\/a> pour les prochains webinars.<\/p>\n<\/div><\/div>\n\n\n\n<div class=\"wp-block-uagb-column uagb-column__wrap uagb-column__background-color uagb-block-eb502e72-7eaf-468d-80e5-d23cb849e21f\"><div class=\"uagb-column__overlay\"><\/div><div class=\"uagb-column__inner-wrap\">\n<p><strong>CAF\u00c9 MENTORING<\/strong><\/p>\n\n\n\n<ul><li>Sessions mensuelles d&#8217;une heure.<\/li><li>Ouvert \u00e0 tous les mentors.<\/li><li>Rencontrez d\u2019autres mentor, posez des questions et partagez vos exp\u00e9riences. Vous pourrez apprendre les uns des autres et construire un r\u00e9seau de soutien.<\/li><\/ul>\n\n\n\n<p>Regardez le <a rel=\"noreferrer noopener\" href=\"https:\/\/mentoring-coaching.msf.org\/events\/list\/\" target=\"_blank\">calendrier<\/a> pour les prochains caf\u00e9s.<\/p>\n<\/div><\/div>\n\n\n\n<div class=\"wp-block-uagb-column uagb-column__wrap uagb-column__background-color uagb-block-9f9a5c7e-f39d-4d53-bf61-6048653d26fd\"><div class=\"uagb-column__overlay\"><\/div><div class=\"uagb-column__inner-wrap\">\n<p><strong>SUPERVISION DE GROUPE<\/strong> <\/p>\n\n\n\n<ul><li>4 sessions de 90 minutes sur une p\u00e9riode de 6 mois.<\/li><li>En groupe ferm\u00e9 avec un facilitateur externe.<\/li><li>Vous pourrez y enrichir vos connaissances, r\u00e9fl\u00e9chir \u00e0 vos pratiques et construire un r\u00e9seau de soutien.<\/li><\/ul>\n\n\n\n<p>Vous pouvez en lire davantage et vous inscrire <a rel=\"noreferrer noopener\" href=\"https:\/\/app.smartsheet.com\/b\/form\/775c46a9caf34eb68d0714c740860d6c\" target=\"_blank\">ici<\/a>.<\/p>\n<\/div><\/div>\n<\/div><\/section>\n\n\n\n<h2 class=\"wp-block-heading\">D\u00e9veloppement professionnel en personne<\/h2>\n\n\n\n<div class=\"wp-block-group alignwide\"><div class=\"wp-block-group__inner-container is-layout-flow\">\n<section class=\"wp-block-uagb-columns uagb-columns__wrap uagb-columns__background-color uagb-columns__stack-mobile uagb-columns__valign-undefined uagb-columns__gap-20 alignwide uagb-block-6e3ee6a5-dbdd-46cc-80bc-909874297993\"><div class=\"uagb-columns__overlay\"><\/div><div class=\"uagb-columns__inner-wrap uagb-columns__columns-2\">\n<div class=\"wp-block-uagb-column uagb-column__wrap uagb-column__background-color uagb-block-ad20d0bc-b90a-4542-bebe-9039f97b3f77\"><div class=\"uagb-column__overlay\"><\/div><div class=\"uagb-column__inner-wrap\">\n<p><strong>INTRODUCTION AU MENTORAT<\/strong><\/p>\n\n\n\n<ul><li>Atelier r\u00e9sidentiel de trois jours.<\/li><li>Tous ceux qui ont d\u00e9pos\u00e9 une demande pour devenir mentor et qui a \u00e9t\u00e9 valid\u00e9e. (Pour devenir un mentor\u00a0: voir <a href=\"https:\/\/mentoring-coaching.msf.org\/wp-content\/uploads\/2018\/07\/Memo_Mentor_Profile_draft_20180509.pdf\">1<\/a>,\u00a0<a href=\"https:\/\/mentoring-coaching.msf.org\/wp-content\/uploads\/2018\/07\/Form_Mentor_Application_v2018.pdf\">2<\/a>.)<\/li><li>Commencer son apprentissage du mentorat et conna\u00eetre le programme de mentorat de MSF.<\/li><\/ul>\n\n\n\n<p>Regardez le <a rel=\"noreferrer noopener\" href=\"https:\/\/mentoring-coaching.msf.org\/events\/list\/\" target=\"_blank\">calendrier<\/a> pour les prochains ateliers.<\/p>\n<\/div><\/div>\n\n\n\n<div class=\"wp-block-uagb-column uagb-column__wrap uagb-column__background-color uagb-block-36d8d70c-c349-4799-9334-56cf55c065dc\"><div class=\"uagb-column__overlay\"><\/div><div class=\"uagb-column__inner-wrap\">\n<p><strong>LE MENTORAT<\/strong> <strong>AVEC UN APPROCHE COACHING<\/strong><\/p>\n\n\n\n<ul><li>Atelier r\u00e9sidentiel de deux jours.<\/li><li>Pour apprendre les comp\u00e9tences de coaching li\u00e9es au mentorat.<\/li><li>Pour les mentors qui souhaitent que leur carri\u00e8re et leur engagement en tant que mentor passe au niveau sup\u00e9rieur.<\/li><\/ul>\n\n\n\n<p>Check the\u00a0<a rel=\"noreferrer noopener\" href=\"https:\/\/mentoring-coaching.msf.org\/events\/list\/\" target=\"_blank\">calendar<\/a>\u00a0foRegardez le <a rel=\"noreferrer noopener\" href=\"https:\/\/mentoring-coaching.msf.org\/events\/list\/\" target=\"_blank\">calendrier<\/a> pour les prochains ateliers.<\/p>\n<\/div><\/div>\n<\/div><\/section>\n<\/div><\/div>\n","protected":false},"excerpt":{"rendered":"<p>Le d\u00e9veloppement professionnel continu (CPD) L\u2019offre du CPD (Continuous Professional Development) r\u00e9pond \u00e0 un besoin exprim\u00e9 par les mentors\u00a0: celui de continuer \u00e0 am\u00e9liorer leurs comp\u00e9tences ainsi que leurs connaissances. Cette offre est le r\u00e9sultat d\u2019un effort de la part du Mentoring &amp; Coaching Hub et des managers des programmes de mentorat de diff\u00e9rents centres [&hellip;]<\/p>\n","protected":false},"author":6,"featured_media":0,"parent":2668,"menu_order":0,"comment_status":"closed","ping_status":"closed","template":"","meta":{"_uag_custom_page_level_css":""},"yoast_head":"<!-- This site is optimized with the Yoast SEO plugin v20.8 - https:\/\/yoast.com\/wordpress\/plugins\/seo\/ -->\n<title>D\u00e9veloppement Professionel pour Mentors &ndash; MSF Mentoring &amp; Coaching Hub<\/title>\n<meta name=\"robots\" content=\"index, follow, max-snippet:-1, max-image-preview:large, max-video-preview:-1\" \/>\n<link rel=\"canonical\" href=\"https:\/\/mentoring-coaching.msf.org\/?page_id=2681&lang=fr\" \/>\n<meta property=\"og:locale\" content=\"en_US\" \/>\n<meta property=\"og:type\" content=\"article\" \/>\n<meta property=\"og:title\" content=\"D\u00e9veloppement Professionel pour Mentors &ndash; MSF Mentoring &amp; Coaching Hub\" \/>\n<meta property=\"og:description\" content=\"Le d\u00e9veloppement professionnel continu (CPD) L\u2019offre du CPD (Continuous Professional Development) r\u00e9pond \u00e0 un besoin exprim\u00e9 par les mentors\u00a0: celui de continuer \u00e0 am\u00e9liorer leurs comp\u00e9tences ainsi que leurs connaissances. Cette offre est le r\u00e9sultat d\u2019un effort de la part du Mentoring &amp; Coaching Hub et des managers des programmes de mentorat de diff\u00e9rents centres [&hellip;]\" \/>\n<meta property=\"og:url\" content=\"https:\/\/mentoring-coaching.msf.org\/?page_id=2681&amp;lang=fr\" \/>\n<meta property=\"og:site_name\" content=\"MSF Mentoring &amp; Coaching Hub\" \/>\n<meta property=\"article:modified_time\" content=\"2020-02-28T13:16:47+00:00\" \/>\n<meta name=\"twitter:card\" content=\"summary_large_image\" \/>\n<meta name=\"twitter:label1\" content=\"Est. reading time\" \/>\n\t<meta name=\"twitter:data1\" content=\"2 minutes\" \/>\n<script type=\"application\/ld+json\" class=\"yoast-schema-graph\">{\"@context\":\"https:\/\/schema.org\",\"@graph\":[{\"@type\":\"WebPage\",\"@id\":\"https:\/\/mentoring-coaching.msf.org\/?page_id=2681&lang=fr\",\"url\":\"https:\/\/mentoring-coaching.msf.org\/?page_id=2681&lang=fr\",\"name\":\"D\u00e9veloppement Professionel pour Mentors &ndash; MSF Mentoring &amp; Coaching Hub\",\"isPartOf\":{\"@id\":\"https:\/\/mentoring-coaching.msf.org\/#website\"},\"datePublished\":\"2020-02-28T13:16:44+00:00\",\"dateModified\":\"2020-02-28T13:16:47+00:00\",\"breadcrumb\":{\"@id\":\"https:\/\/mentoring-coaching.msf.org\/?page_id=2681&lang=fr#breadcrumb\"},\"inLanguage\":\"en-US\",\"potentialAction\":[{\"@type\":\"ReadAction\",\"target\":[\"https:\/\/mentoring-coaching.msf.org\/?page_id=2681&lang=fr\"]}]},{\"@type\":\"BreadcrumbList\",\"@id\":\"https:\/\/mentoring-coaching.msf.org\/?page_id=2681&lang=fr#breadcrumb\",\"itemListElement\":[{\"@type\":\"ListItem\",\"position\":1,\"name\":\"Home\",\"item\":\"https:\/\/mentoring-coaching.msf.org\/?lang=en\"},{\"@type\":\"ListItem\",\"position\":2,\"name\":\"Le Mentorat \u00e0 MSF\",\"item\":\"https:\/\/mentoring-coaching.msf.org\/?page_id=2668&lang=fr\"},{\"@type\":\"ListItem\",\"position\":3,\"name\":\"D\u00e9veloppement Professionel pour Mentors\"}]},{\"@type\":\"WebSite\",\"@id\":\"https:\/\/mentoring-coaching.msf.org\/#website\",\"url\":\"https:\/\/mentoring-coaching.msf.org\/\",\"name\":\"MSF Mentoring &amp; Coaching Hub\",\"description\":\"\",\"publisher\":{\"@id\":\"https:\/\/mentoring-coaching.msf.org\/#organization\"},\"potentialAction\":[{\"@type\":\"SearchAction\",\"target\":{\"@type\":\"EntryPoint\",\"urlTemplate\":\"https:\/\/mentoring-coaching.msf.org\/?s={search_term_string}\"},\"query-input\":\"required name=search_term_string\"}],\"inLanguage\":\"en-US\"},{\"@type\":\"Organization\",\"@id\":\"https:\/\/mentoring-coaching.msf.org\/#organization\",\"name\":\"Mentoring &Coaching Hub \u2013 Doctors Without Borders\",\"url\":\"https:\/\/mentoring-coaching.msf.org\/\",\"logo\":{\"@type\":\"ImageObject\",\"inLanguage\":\"en-US\",\"@id\":\"https:\/\/mentoring-coaching.msf.org\/#\/schema\/logo\/image\/\",\"url\":\"https:\/\/mentoring-coaching.msf.org\/wp-content\/uploads\/2019\/11\/MCHub-logo-white-small-RGB.jpg\",\"contentUrl\":\"https:\/\/mentoring-coaching.msf.org\/wp-content\/uploads\/2019\/11\/MCHub-logo-white-small-RGB.jpg\",\"width\":628,\"height\":408,\"caption\":\"Mentoring &Coaching Hub \u2013 Doctors Without Borders\"},\"image\":{\"@id\":\"https:\/\/mentoring-coaching.msf.org\/#\/schema\/logo\/image\/\"}}]}<\/script>\n<!-- \/ Yoast SEO plugin. -->","yoast_head_json":{"title":"D\u00e9veloppement Professionel pour Mentors &ndash; MSF Mentoring &amp; Coaching Hub","robots":{"index":"index","follow":"follow","max-snippet":"max-snippet:-1","max-image-preview":"max-image-preview:large","max-video-preview":"max-video-preview:-1"},"canonical":"https:\/\/mentoring-coaching.msf.org\/?page_id=2681&lang=fr","og_locale":"en_US","og_type":"article","og_title":"D\u00e9veloppement Professionel pour Mentors &ndash; MSF Mentoring &amp; Coaching Hub","og_description":"Le d\u00e9veloppement professionnel continu (CPD) L\u2019offre du CPD (Continuous Professional Development) r\u00e9pond \u00e0 un besoin exprim\u00e9 par les mentors\u00a0: celui de continuer \u00e0 am\u00e9liorer leurs comp\u00e9tences ainsi que leurs connaissances. Cette offre est le r\u00e9sultat d\u2019un effort de la part du Mentoring &amp; Coaching Hub et des managers des programmes de mentorat de diff\u00e9rents centres [&hellip;]","og_url":"https:\/\/mentoring-coaching.msf.org\/?page_id=2681&lang=fr","og_site_name":"MSF Mentoring &amp; Coaching Hub","article_modified_time":"2020-02-28T13:16:47+00:00","twitter_card":"summary_large_image","twitter_misc":{"Est. reading time":"2 minutes"},"schema":{"@context":"https:\/\/schema.org","@graph":[{"@type":"WebPage","@id":"https:\/\/mentoring-coaching.msf.org\/?page_id=2681&lang=fr","url":"https:\/\/mentoring-coaching.msf.org\/?page_id=2681&lang=fr","name":"D\u00e9veloppement Professionel pour Mentors &ndash; MSF Mentoring &amp; Coaching Hub","isPartOf":{"@id":"https:\/\/mentoring-coaching.msf.org\/#website"},"datePublished":"2020-02-28T13:16:44+00:00","dateModified":"2020-02-28T13:16:47+00:00","breadcrumb":{"@id":"https:\/\/mentoring-coaching.msf.org\/?page_id=2681&lang=fr#breadcrumb"},"inLanguage":"en-US","potentialAction":[{"@type":"ReadAction","target":["https:\/\/mentoring-coaching.msf.org\/?page_id=2681&lang=fr"]}]},{"@type":"BreadcrumbList","@id":"https:\/\/mentoring-coaching.msf.org\/?page_id=2681&lang=fr#breadcrumb","itemListElement":[{"@type":"ListItem","position":1,"name":"Home","item":"https:\/\/mentoring-coaching.msf.org\/?lang=en"},{"@type":"ListItem","position":2,"name":"Le Mentorat \u00e0 MSF","item":"https:\/\/mentoring-coaching.msf.org\/?page_id=2668&lang=fr"},{"@type":"ListItem","position":3,"name":"D\u00e9veloppement Professionel pour Mentors"}]},{"@type":"WebSite","@id":"https:\/\/mentoring-coaching.msf.org\/#website","url":"https:\/\/mentoring-coaching.msf.org\/","name":"MSF Mentoring &amp; Coaching Hub","description":"","publisher":{"@id":"https:\/\/mentoring-coaching.msf.org\/#organization"},"potentialAction":[{"@type":"SearchAction","target":{"@type":"EntryPoint","urlTemplate":"https:\/\/mentoring-coaching.msf.org\/?s={search_term_string}"},"query-input":"required name=search_term_string"}],"inLanguage":"en-US"},{"@type":"Organization","@id":"https:\/\/mentoring-coaching.msf.org\/#organization","name":"Mentoring &Coaching Hub \u2013 Doctors Without Borders","url":"https:\/\/mentoring-coaching.msf.org\/","logo":{"@type":"ImageObject","inLanguage":"en-US","@id":"https:\/\/mentoring-coaching.msf.org\/#\/schema\/logo\/image\/","url":"https:\/\/mentoring-coaching.msf.org\/wp-content\/uploads\/2019\/11\/MCHub-logo-white-small-RGB.jpg","contentUrl":"https:\/\/mentoring-coaching.msf.org\/wp-content\/uploads\/2019\/11\/MCHub-logo-white-small-RGB.jpg","width":628,"height":408,"caption":"Mentoring &Coaching Hub \u2013 Doctors Without Borders"},"image":{"@id":"https:\/\/mentoring-coaching.msf.org\/#\/schema\/logo\/image\/"}}]}},"uagb_featured_image_src":{"full":false,"thumbnail":false,"medium":false,"medium_large":false,"large":false,"1536x1536":false,"2048x2048":false},"uagb_author_info":{"display_name":"Hossein Ghasemi","author_link":"https:\/\/mentoring-coaching.msf.org\/?author=6"},"uagb_comment_info":0,"uagb_excerpt":"Le d\u00e9veloppement professionnel continu (CPD) L\u2019offre du CPD (Continuous Professional Development) r\u00e9pond \u00e0 un besoin exprim\u00e9 par les mentors\u00a0: celui de continuer \u00e0 am\u00e9liorer leurs comp\u00e9tences ainsi que leurs connaissances. Cette offre est le r\u00e9sultat d\u2019un effort de la part du Mentoring &amp; Coaching Hub et des managers des programmes de mentorat de diff\u00e9rents centres&hellip;","_links":{"self":[{"href":"https:\/\/mentoring-coaching.msf.org\/index.php?rest_route=\/wp\/v2\/pages\/2681"}],"collection":[{"href":"https:\/\/mentoring-coaching.msf.org\/index.php?rest_route=\/wp\/v2\/pages"}],"about":[{"href":"https:\/\/mentoring-coaching.msf.org\/index.php?rest_route=\/wp\/v2\/types\/page"}],"author":[{"embeddable":true,"href":"https:\/\/mentoring-coaching.msf.org\/index.php?rest_route=\/wp\/v2\/users\/6"}],"replies":[{"embeddable":true,"href":"https:\/\/mentoring-coaching.msf.org\/index.php?rest_route=%2Fwp%2Fv2%2Fcomments&post=2681"}],"version-history":[{"count":2,"href":"https:\/\/mentoring-coaching.msf.org\/index.php?rest_route=\/wp\/v2\/pages\/2681\/revisions"}],"predecessor-version":[{"id":2683,"href":"https:\/\/mentoring-coaching.msf.org\/index.php?rest_route=\/wp\/v2\/pages\/2681\/revisions\/2683"}],"up":[{"embeddable":true,"href":"https:\/\/mentoring-coaching.msf.org\/index.php?rest_route=\/wp\/v2\/pages\/2668"}],"wp:attachment":[{"href":"https:\/\/mentoring-coaching.msf.org\/index.php?rest_route=%2Fwp%2Fv2%2Fmedia&parent=2681"}],"curies":[{"name":"wp","href":"https:\/\/api.w.org\/{rel}","templated":true}]}}