{"id":2533,"date":"2020-02-18T09:58:02","date_gmt":"2020-02-18T09:58:02","guid":{"rendered":"https:\/\/mentoring-coaching.msf.org\/?page_id=2533"},"modified":"2020-02-20T13:53:52","modified_gmt":"2020-02-20T13:53:52","slug":"evaluacion-y-capitalizacion","status":"publish","type":"page","link":"https:\/\/mentoring-coaching.msf.org\/?page_id=2533&lang=es","title":{"rendered":"Evaluaci\u00f3n y Capitalizaci\u00f3n"},"content":{"rendered":"\n<h2 class=\"wp-block-heading\">Evaluaci\u00f3n de Impacto del Mentoring<\/h2>\n\n\n\n<p>En septiembre de 2017, el Mentoring &amp; Coaching Hub encarg\u00f3 un estudio de impacto de dos a\u00f1os sobre c\u00f3mo el mentoring ayuda en el desarrollo personal y profesional de los gestores de MSF en el terreno, y contribuye de manera m\u00e1s amplia a las prioridades estrat\u00e9gicas del Mentoring &amp; Coaching Hub. La intenci\u00f3n es que este estudio informe el monitoreo continuo del programa de mentoring de OCB y proporcione un marco y un modelo a otros programas de mentoring dentro del movimiento que puedan implementarse y adaptarse para evaluar el impacto de sus actividades de mentoring. Se espera que este estudio y el compromiso posterior a lo largo del momento posicionen al Mentoring &amp; Coaching Hub como un centro de excelencia y mejores pr\u00e1cticas sobre mentoring.<\/p>\n\n\n\n<div class=\"wp-block-button aligncenter\"><a class=\"wp-block-button__link has-background\" href=\"https:\/\/mentoring-coaching.msf.org\/wp-content\/uploads\/2019\/08\/MSF-MCHub-Mentoring-Impact-Evaluation-FINAL-Short-Report.pdf\" style=\"background-color:#ef0000\" rel=\"https:\/\/mentoring-coaching.msf.org\/wp-content\/uploads\/2019\/08\/MSF-MCHub-Mentoring-Impact-Evaluation-FINAL-Short-Report.pdf\">Estudio de impacto: breve informe<\/a><\/div>\n\n\n\n<h6 class=\"wp-block-heading\">Webinar: presentaci\u00f3n de los resultados del Estudio Evaluativo sobre el impacto de las asesor\u00edas.<\/h6>\n\n\n\n<figure class=\"wp-block-embed-youtube alignwide wp-block-embed is-type-video is-provider-youtube wp-embed-aspect-16-9 wp-has-aspect-ratio\"><div class=\"wp-block-embed__wrapper\">\n<iframe loading=\"lazy\" title=\"Mentoring Evaluation of Impact Final Results Webinar\" width=\"640\" height=\"360\" src=\"https:\/\/www.youtube.com\/embed\/jAEthC2NA_0?feature=oembed\" frameborder=\"0\" allow=\"accelerometer; autoplay; encrypted-media; gyroscope; picture-in-picture\" allowfullscreen><\/iframe>\n<\/div><\/figure>\n","protected":false},"excerpt":{"rendered":"<p>Evaluaci\u00f3n de Impacto del Mentoring En septiembre de 2017, el Mentoring &amp; Coaching Hub encarg\u00f3 un estudio de impacto de dos a\u00f1os sobre c\u00f3mo el mentoring ayuda en el desarrollo personal y profesional de los gestores de MSF en el terreno, y contribuye de manera m\u00e1s amplia a las prioridades estrat\u00e9gicas del Mentoring &amp; Coaching [&hellip;]<\/p>\n","protected":false},"author":6,"featured_media":0,"parent":2528,"menu_order":0,"comment_status":"closed","ping_status":"closed","template":"","meta":{"_uag_custom_page_level_css":""},"yoast_head":"<!-- This site is optimized with the Yoast SEO plugin v20.8 - https:\/\/yoast.com\/wordpress\/plugins\/seo\/ -->\n<title>Evaluaci\u00f3n y Capitalizaci\u00f3n &ndash; MSF Mentoring &amp; Coaching Hub<\/title>\n<meta name=\"robots\" content=\"index, follow, max-snippet:-1, max-image-preview:large, max-video-preview:-1\" \/>\n<link rel=\"canonical\" href=\"https:\/\/mentoring-coaching.msf.org\/?page_id=2533&lang=es\" \/>\n<meta property=\"og:locale\" content=\"en_US\" \/>\n<meta property=\"og:type\" content=\"article\" \/>\n<meta property=\"og:title\" content=\"Evaluaci\u00f3n y Capitalizaci\u00f3n &ndash; MSF Mentoring &amp; Coaching Hub\" \/>\n<meta property=\"og:description\" content=\"Evaluaci\u00f3n de Impacto del Mentoring En septiembre de 2017, el Mentoring &amp; Coaching Hub encarg\u00f3 un estudio de impacto de dos a\u00f1os sobre c\u00f3mo el mentoring ayuda en el desarrollo personal y profesional de los gestores de MSF en el terreno, y contribuye de manera m\u00e1s amplia a las prioridades estrat\u00e9gicas del Mentoring &amp; Coaching [&hellip;]\" \/>\n<meta property=\"og:url\" content=\"https:\/\/mentoring-coaching.msf.org\/?page_id=2533&amp;lang=es\" \/>\n<meta property=\"og:site_name\" content=\"MSF Mentoring &amp; Coaching Hub\" \/>\n<meta property=\"article:modified_time\" content=\"2020-02-20T13:53:52+00:00\" \/>\n<meta name=\"twitter:card\" content=\"summary_large_image\" \/>\n<meta name=\"twitter:label1\" content=\"Est. reading time\" \/>\n\t<meta name=\"twitter:data1\" content=\"1 minute\" \/>\n<script type=\"application\/ld+json\" class=\"yoast-schema-graph\">{\"@context\":\"https:\/\/schema.org\",\"@graph\":[{\"@type\":\"WebPage\",\"@id\":\"https:\/\/mentoring-coaching.msf.org\/?page_id=2533&lang=es\",\"url\":\"https:\/\/mentoring-coaching.msf.org\/?page_id=2533&lang=es\",\"name\":\"Evaluaci\u00f3n y Capitalizaci\u00f3n &ndash; MSF Mentoring &amp; Coaching Hub\",\"isPartOf\":{\"@id\":\"https:\/\/mentoring-coaching.msf.org\/#website\"},\"datePublished\":\"2020-02-18T09:58:02+00:00\",\"dateModified\":\"2020-02-20T13:53:52+00:00\",\"breadcrumb\":{\"@id\":\"https:\/\/mentoring-coaching.msf.org\/?page_id=2533&lang=es#breadcrumb\"},\"inLanguage\":\"en-US\",\"potentialAction\":[{\"@type\":\"ReadAction\",\"target\":[\"https:\/\/mentoring-coaching.msf.org\/?page_id=2533&lang=es\"]}]},{\"@type\":\"BreadcrumbList\",\"@id\":\"https:\/\/mentoring-coaching.msf.org\/?page_id=2533&lang=es#breadcrumb\",\"itemListElement\":[{\"@type\":\"ListItem\",\"position\":1,\"name\":\"Home\",\"item\":\"https:\/\/mentoring-coaching.msf.org\/?lang=en\"},{\"@type\":\"ListItem\",\"position\":2,\"name\":\"Mentoring &#038; Coaching Hub\",\"item\":\"https:\/\/mentoring-coaching.msf.org\/?page_id=2528&lang=es\"},{\"@type\":\"ListItem\",\"position\":3,\"name\":\"Evaluaci\u00f3n y Capitalizaci\u00f3n\"}]},{\"@type\":\"WebSite\",\"@id\":\"https:\/\/mentoring-coaching.msf.org\/#website\",\"url\":\"https:\/\/mentoring-coaching.msf.org\/\",\"name\":\"MSF Mentoring &amp; Coaching Hub\",\"description\":\"\",\"publisher\":{\"@id\":\"https:\/\/mentoring-coaching.msf.org\/#organization\"},\"potentialAction\":[{\"@type\":\"SearchAction\",\"target\":{\"@type\":\"EntryPoint\",\"urlTemplate\":\"https:\/\/mentoring-coaching.msf.org\/?s={search_term_string}\"},\"query-input\":\"required name=search_term_string\"}],\"inLanguage\":\"en-US\"},{\"@type\":\"Organization\",\"@id\":\"https:\/\/mentoring-coaching.msf.org\/#organization\",\"name\":\"Mentoring &Coaching Hub \u2013 Doctors Without Borders\",\"url\":\"https:\/\/mentoring-coaching.msf.org\/\",\"logo\":{\"@type\":\"ImageObject\",\"inLanguage\":\"en-US\",\"@id\":\"https:\/\/mentoring-coaching.msf.org\/#\/schema\/logo\/image\/\",\"url\":\"https:\/\/mentoring-coaching.msf.org\/wp-content\/uploads\/2019\/11\/MCHub-logo-white-small-RGB.jpg\",\"contentUrl\":\"https:\/\/mentoring-coaching.msf.org\/wp-content\/uploads\/2019\/11\/MCHub-logo-white-small-RGB.jpg\",\"width\":628,\"height\":408,\"caption\":\"Mentoring &Coaching Hub \u2013 Doctors Without Borders\"},\"image\":{\"@id\":\"https:\/\/mentoring-coaching.msf.org\/#\/schema\/logo\/image\/\"}}]}<\/script>\n<!-- \/ Yoast SEO plugin. -->","yoast_head_json":{"title":"Evaluaci\u00f3n y Capitalizaci\u00f3n &ndash; MSF Mentoring &amp; Coaching Hub","robots":{"index":"index","follow":"follow","max-snippet":"max-snippet:-1","max-image-preview":"max-image-preview:large","max-video-preview":"max-video-preview:-1"},"canonical":"https:\/\/mentoring-coaching.msf.org\/?page_id=2533&lang=es","og_locale":"en_US","og_type":"article","og_title":"Evaluaci\u00f3n y Capitalizaci\u00f3n &ndash; MSF Mentoring &amp; Coaching Hub","og_description":"Evaluaci\u00f3n de Impacto del Mentoring En septiembre de 2017, el Mentoring &amp; Coaching Hub encarg\u00f3 un estudio de impacto de dos a\u00f1os sobre c\u00f3mo el mentoring ayuda en el desarrollo personal y profesional de los gestores de MSF en el terreno, y contribuye de manera m\u00e1s amplia a las prioridades estrat\u00e9gicas del Mentoring &amp; Coaching [&hellip;]","og_url":"https:\/\/mentoring-coaching.msf.org\/?page_id=2533&lang=es","og_site_name":"MSF Mentoring &amp; Coaching Hub","article_modified_time":"2020-02-20T13:53:52+00:00","twitter_card":"summary_large_image","twitter_misc":{"Est. reading time":"1 minute"},"schema":{"@context":"https:\/\/schema.org","@graph":[{"@type":"WebPage","@id":"https:\/\/mentoring-coaching.msf.org\/?page_id=2533&lang=es","url":"https:\/\/mentoring-coaching.msf.org\/?page_id=2533&lang=es","name":"Evaluaci\u00f3n y Capitalizaci\u00f3n &ndash; MSF Mentoring &amp; Coaching Hub","isPartOf":{"@id":"https:\/\/mentoring-coaching.msf.org\/#website"},"datePublished":"2020-02-18T09:58:02+00:00","dateModified":"2020-02-20T13:53:52+00:00","breadcrumb":{"@id":"https:\/\/mentoring-coaching.msf.org\/?page_id=2533&lang=es#breadcrumb"},"inLanguage":"en-US","potentialAction":[{"@type":"ReadAction","target":["https:\/\/mentoring-coaching.msf.org\/?page_id=2533&lang=es"]}]},{"@type":"BreadcrumbList","@id":"https:\/\/mentoring-coaching.msf.org\/?page_id=2533&lang=es#breadcrumb","itemListElement":[{"@type":"ListItem","position":1,"name":"Home","item":"https:\/\/mentoring-coaching.msf.org\/?lang=en"},{"@type":"ListItem","position":2,"name":"Mentoring &#038; Coaching Hub","item":"https:\/\/mentoring-coaching.msf.org\/?page_id=2528&lang=es"},{"@type":"ListItem","position":3,"name":"Evaluaci\u00f3n y Capitalizaci\u00f3n"}]},{"@type":"WebSite","@id":"https:\/\/mentoring-coaching.msf.org\/#website","url":"https:\/\/mentoring-coaching.msf.org\/","name":"MSF Mentoring &amp; Coaching Hub","description":"","publisher":{"@id":"https:\/\/mentoring-coaching.msf.org\/#organization"},"potentialAction":[{"@type":"SearchAction","target":{"@type":"EntryPoint","urlTemplate":"https:\/\/mentoring-coaching.msf.org\/?s={search_term_string}"},"query-input":"required name=search_term_string"}],"inLanguage":"en-US"},{"@type":"Organization","@id":"https:\/\/mentoring-coaching.msf.org\/#organization","name":"Mentoring &Coaching Hub \u2013 Doctors Without Borders","url":"https:\/\/mentoring-coaching.msf.org\/","logo":{"@type":"ImageObject","inLanguage":"en-US","@id":"https:\/\/mentoring-coaching.msf.org\/#\/schema\/logo\/image\/","url":"https:\/\/mentoring-coaching.msf.org\/wp-content\/uploads\/2019\/11\/MCHub-logo-white-small-RGB.jpg","contentUrl":"https:\/\/mentoring-coaching.msf.org\/wp-content\/uploads\/2019\/11\/MCHub-logo-white-small-RGB.jpg","width":628,"height":408,"caption":"Mentoring &Coaching Hub \u2013 Doctors Without Borders"},"image":{"@id":"https:\/\/mentoring-coaching.msf.org\/#\/schema\/logo\/image\/"}}]}},"uagb_featured_image_src":{"full":false,"thumbnail":false,"medium":false,"medium_large":false,"large":false,"1536x1536":false,"2048x2048":false},"uagb_author_info":{"display_name":"Hossein Ghasemi","author_link":"https:\/\/mentoring-coaching.msf.org\/?author=6"},"uagb_comment_info":0,"uagb_excerpt":"Evaluaci\u00f3n de Impacto del Mentoring En septiembre de 2017, el Mentoring &amp; Coaching Hub encarg\u00f3 un estudio de impacto de dos a\u00f1os sobre c\u00f3mo el mentoring ayuda en el desarrollo personal y profesional de los gestores de MSF en el terreno, y contribuye de manera m\u00e1s amplia a las prioridades estrat\u00e9gicas del Mentoring &amp; Coaching&hellip;","_links":{"self":[{"href":"https:\/\/mentoring-coaching.msf.org\/index.php?rest_route=\/wp\/v2\/pages\/2533"}],"collection":[{"href":"https:\/\/mentoring-coaching.msf.org\/index.php?rest_route=\/wp\/v2\/pages"}],"about":[{"href":"https:\/\/mentoring-coaching.msf.org\/index.php?rest_route=\/wp\/v2\/types\/page"}],"author":[{"embeddable":true,"href":"https:\/\/mentoring-coaching.msf.org\/index.php?rest_route=\/wp\/v2\/users\/6"}],"replies":[{"embeddable":true,"href":"https:\/\/mentoring-coaching.msf.org\/index.php?rest_route=%2Fwp%2Fv2%2Fcomments&post=2533"}],"version-history":[{"count":2,"href":"https:\/\/mentoring-coaching.msf.org\/index.php?rest_route=\/wp\/v2\/pages\/2533\/revisions"}],"predecessor-version":[{"id":2550,"href":"https:\/\/mentoring-coaching.msf.org\/index.php?rest_route=\/wp\/v2\/pages\/2533\/revisions\/2550"}],"up":[{"embeddable":true,"href":"https:\/\/mentoring-coaching.msf.org\/index.php?rest_route=\/wp\/v2\/pages\/2528"}],"wp:attachment":[{"href":"https:\/\/mentoring-coaching.msf.org\/index.php?rest_route=%2Fwp%2Fv2%2Fmedia&parent=2533"}],"curies":[{"name":"wp","href":"https:\/\/api.w.org\/{rel}","templated":true}]}}