{"id":2484,"date":"2020-01-24T09:12:30","date_gmt":"2020-01-24T09:12:30","guid":{"rendered":"https:\/\/mentoring-coaching.msf.org\/?page_id=2484"},"modified":"2026-01-29T18:47:48","modified_gmt":"2026-01-29T17:47:48","slug":"mentoring-contactos-herramientas","status":"publish","type":"page","link":"https:\/\/mentoring-coaching.msf.org\/?page_id=2484&lang=es","title":{"rendered":"Contactos y herramientas para mentoring"},"content":{"rendered":"\n<h2 class=\"wp-block-heading\">For general information about mentoring and mentoring activities, refer to your OC focal point below.<\/h2>\n\n\n\n<div class=\"wp-block-columns alignwide is-layout-flex wp-container-4\">\n<div class=\"wp-block-column is-layout-flow\">\n<p class=\"has-background\" style=\"background-color:#f7f7f7\"><strong>OCA<\/strong><br><a href=\"mailto:oca.mentoring@amsterdam.msf.org\"><strong>OCA<\/strong> <strong>Mentoring<\/strong><\/a><\/p>\n<\/div>\n\n\n\n<div class=\"wp-block-column is-layout-flow\">\n<p class=\"has-text-align-left has-very-light-gray-background-color has-background\"><strong>OCB<\/strong><br><a href=\"mailto:anna.de.vries@brussels.msf.org\" target=\"_blank\" rel=\"noreferrer noopener\"><strong>Anna De Vries<\/strong><\/a><br>Gestor del programa de mentoring y formaciones<\/p>\n<\/div>\n\n\n\n<div class=\"wp-block-column is-layout-flow\">\n<p class=\"has-text-align-left has-background\" style=\"background-color:#f7f7f7\"><strong>OCBA<\/strong><br><strong><a href=\"mailto:Gosia.KOPICA@barcelona.msf.org\">Gosia Kopica<\/a> <\/strong><br>Gestoras del programa de mentoring y coaching<\/p>\n<\/div>\n<\/div>\n\n\n\n<div class=\"wp-block-columns alignwide is-layout-flex wp-container-8\">\n<div class=\"wp-block-column is-layout-flow\">\n<p class=\"has-very-light-gray-background-color has-background\"><strong>OCG<\/strong><br><a href=\"mailto:Coaching-Mentoring-OCG.GVA@geneva.msf.org\"><strong>Coaching-Mentoring-OCG.GVA@geneva.msf.org<\/strong><\/a><br>Gestor del programa de mentoring<\/p>\n<\/div>\n\n\n\n<div class=\"wp-block-column is-layout-flow\">\n<p class=\"has-text-align-left has-background\" style=\"background-color:#f7f7f7\"><strong>OCP<\/strong><br><a href=\"mailto:Stephanie.michel.nilles@newyork.msf.org\"><strong>St\u00e9phanie Michel Nilles<\/strong><\/a><br>Gestora del programa de mentoring<\/p>\n<\/div>\n\n\n\n<div class=\"wp-block-column is-layout-flow\">\n<p class=\"has-text-align-left has-very-light-gray-background-color has-background\"><strong>MSF Canada<\/strong><br><a href=\"mailto:Sebastien.Gaudette@toronto.msf.org\"><strong>S\u00e9bastien Gaudette<\/strong><\/a><br>Gestor del programa de mentoring<\/p>\n<\/div>\n<\/div>\n\n\n\n<div class=\"wp-block-columns alignwide is-layout-flex wp-container-12\">\n<div class=\"wp-block-column is-layout-flow\">\n<p><strong>Field Comms<\/strong><br><a href=\"mailto:luis.encinas@geneva.msf.org\"><\/a><strong><a href=\"mailto:irene.jancsy@vienna.msf.org\">Irene Jancsy<\/a><br><\/strong>Gestora del programa de mentoring<\/p>\n<\/div>\n\n\n\n<div class=\"wp-block-column is-layout-flow\">\n<p class=\"has-text-align-left has-very-light-gray-background-color has-background\"><strong>International Fundraising<\/strong><br><a href=\"mailto:Stephanie.michel.nilles@newyork.msf.org\"><\/a><a href=\"mailto:letizia.galli@rome.msf.org\"><strong>Letizia Galli<\/strong><\/a><br>Gestora del programa de mentoring<\/p>\n<\/div>\n\n\n\n<div class=\"wp-block-column is-layout-flow\"><\/div>\n<\/div>\n\n\n\n<div style=\"height:40px\" aria-hidden=\"true\" class=\"wp-block-spacer\"><\/div>\n\n\n\n<h2 class=\"wp-block-heading\">\u00bfC\u00f3mo puedo convertirme en un pupilo? Descubre c\u00f3mo hacerlo desde cada Centro Operacional.<\/h2>\n\n\n\n<div class=\"wp-block-columns alignwide is-layout-flex wp-container-18\">\n<div class=\"wp-block-column is-layout-flow\">\n<div class=\"wp-block-group is-layout-flow\"><div class=\"wp-block-group__inner-container\">\n<h6 class=\"wp-block-heading\">OCG, Fundraising<\/h6>\n\n\n\n<p>Env\u00eda un email a tu Gestora de Programa de Mentoring para se\u00f1alarle tu inter\u00e9s de volverte un pupilo.<\/p>\n<\/div><\/div>\n\n\n\n<h6 class=\"wp-block-heading\">OCA, <strong>OCB<\/strong><\/h6>\n\n\n\n<p>La autoevaluaci\u00f3n es una herramienta utilizada para aclarar tus objetivos de desarrollo (as\u00ed que debes ser honesto y autocr\u00edtico). Una vez completada, comp\u00e1rtela con el Gestor del Programa de mentoring y coaching.<\/p>\n\n\n\n<p>Reconoce las fortalezas y \u00e1reas que puedes mejorar para el trabajo que est\u00e1s a punto de tomar. Estos se expresan en competencias prescritas. Establece la base para un di\u00e1logo sobre la relaci\u00f3n con el Gestor del Programa de mentoring y coaching y su potencial mentor.<\/p>\n\n\n\n<p>Esta autoevaluaci\u00f3n est\u00e1 destinada solo al programa de tutor\u00eda y no tiene impacto en tu carrera profesional con MSF. Descarga a continuaci\u00f3n la autoevaluaci\u00f3n correspondiente a su perfil:<\/p>\n\n\n\n<p><a href=\"https:\/\/mentoring-coaching.msf.org\/wp-content\/uploads\/2019\/05\/Template_2019_Mentee_Folder_HoM.xlsx\" target=\"_blank\" rel=\"noreferrer noopener\">HoM<\/a>,&nbsp;<a href=\"https:\/\/mentoring-coaching.msf.org\/wp-content\/uploads\/2019\/05\/Template_2019_Mentee_Folder_FCM.xlsx\" target=\"_blank\" rel=\"noreferrer noopener\">FCM<\/a>,&nbsp;<a href=\"https:\/\/mentoring-coaching.msf.org\/wp-content\/uploads\/2019\/05\/Template_2019_Mentee_Folder_MedCo.xlsx\" target=\"_blank\" rel=\"noreferrer noopener\">MedCo<\/a>,&nbsp;<a href=\"https:\/\/mentoring-coaching.msf.org\/wp-content\/uploads\/2019\/05\/Template_2019_Mentee_Folder_HRCo.xlsx\" target=\"_blank\" rel=\"noreferrer noopener\">HRCo<\/a>,&nbsp;<a href=\"https:\/\/mentoring-coaching.msf.org\/wp-content\/uploads\/2019\/05\/Template_2019_Mentee_Folder_FinCo.xlsx\" target=\"_blank\" rel=\"noreferrer noopener\">FinCo<\/a>,&nbsp;<a href=\"https:\/\/mentoring-coaching.msf.org\/wp-content\/uploads\/2019\/05\/Template_2019_Mentee_Folder_LogCo.xlsx\" target=\"_blank\" rel=\"noreferrer noopener\">LogCo<\/a>,&nbsp;<a href=\"https:\/\/mentoring-coaching.msf.org\/wp-content\/uploads\/2019\/05\/Template_2019_Mentee_Folder_SupplyCo.xlsx\" target=\"_blank\" rel=\"noreferrer noopener\">SupplyCo<\/a>,&nbsp;<a href=\"https:\/\/mentoring-coaching.msf.org\/wp-content\/uploads\/2019\/05\/Template_2019_Mentee_Folder_PC.xlsx\" target=\"_blank\" rel=\"noreferrer noopener\">PC<\/a>,&nbsp;<a href=\"https:\/\/mentoring-coaching.msf.org\/wp-content\/uploads\/2019\/05\/Template_2019_Mentee_Folder_PMR.xlsx\" target=\"_blank\" rel=\"noreferrer noopener\">PMR<\/a>,&nbsp;<a href=\"https:\/\/mentoring-coaching.msf.org\/wp-content\/uploads\/2019\/05\/Template_2019_Mentee_Folder_HRDev_PDM.xlsx\" target=\"_blank\" rel=\"noreferrer noopener\">PDM<\/a>,&nbsp;<a href=\"https:\/\/mentoring-coaching.msf.org\/wp-content\/uploads\/2019\/05\/Template_2019_Mentee_Folder_WatsanCo.xlsx\" target=\"_blank\" rel=\"noreferrer noopener\">WatsanCo<\/a>,&nbsp;<a href=\"https:\/\/mentoring-coaching.msf.org\/wp-content\/uploads\/2019\/05\/Template_2019_Mentee_Folder_PharmaCo.xlsx\" target=\"_blank\" rel=\"noreferrer noopener\">PharmaCo<\/a>,&nbsp;<a href=\"https:\/\/mentoring-coaching.msf.org\/wp-content\/uploads\/2019\/05\/Template_2019_Mentee_Folder_LTL.xlsx\" target=\"_blank\" rel=\"noreferrer noopener\">LTL.<\/a><\/p>\n\n\n\n<div class=\"wp-block-group is-layout-flow\"><div class=\"wp-block-group__inner-container\">\n<h6 class=\"wp-block-heading\"><strong>OCBA<\/strong><\/h6>\n\n\n\n<p>Llena una Petici\u00f3n de Apoyo del Terreno de OCBA y env\u00edala al pool manager o a los gestores del programa de mentoring de OCBA.<\/p>\n<\/div><\/div>\n\n\n\n<p><\/p>\n<\/div>\n\n\n\n<div class=\"wp-block-column is-layout-flow\">\n<h6 class=\"wp-block-heading\"><strong>OCP<\/strong><\/h6>\n\n\n\n<p>Para comenzar, comparte con St\u00e9phanie Michel Nilles (Gestora del programa de asesoramiento de OCP) tu autoevaluaci\u00f3n. Descarga la que corresponda a tu perfil:<\/p>\n\n\n\n<p><a href=\"https:\/\/mentoring-coaching.msf.org\/wp-content\/uploads\/2019\/04\/SA-OCP-2019-PC.xlsx\" target=\"_blank\" rel=\"noreferrer noopener\">PC<\/a>,&nbsp;<a href=\"https:\/\/mentoring-coaching.msf.org\/wp-content\/uploads\/2019\/10\/SA-OCP-2019-MedRef-PMR2019.xlsx\">PMR<\/a>,&nbsp;<a href=\"https:\/\/mentoring-coaching.msf.org\/wp-content\/uploads\/2019\/04\/SA-OCP-2019-MedCO.xlsx\" target=\"_blank\" rel=\"noreferrer noopener\">MedCO<\/a>,&nbsp;<a href=\"https:\/\/mentoring-coaching.msf.org\/wp-content\/uploads\/2019\/04\/SA-OCP-2019-LogCO.xlsx\" target=\"_blank\" rel=\"noreferrer noopener\">LogCO<\/a>,&nbsp;<a href=\"https:\/\/mentoring-coaching.msf.org\/wp-content\/uploads\/2019\/04\/SA-OCP-2019-HoM.xlsx\" target=\"_blank\" rel=\"noreferrer noopener\">HoM<\/a>,&nbsp;<a href=\"https:\/\/mentoring-coaching.msf.org\/wp-content\/uploads\/2019\/04\/SA-OCP-2019-Fin-Hr-CO.xlsx\" target=\"_blank\" rel=\"noreferrer noopener\">Fin-HR-CO,<\/a>&nbsp;<a href=\"https:\/\/mentoring-coaching.msf.org\/wp-content\/uploads\/2019\/10\/SA-OCP-2019-LogRef-LTL2019.xlsx\">LogRef<\/a>,&nbsp;<a href=\"https:\/\/mentoring-coaching.msf.org\/wp-content\/uploads\/2019\/10\/SA-OCP-2019-DSI-HeadNurse2019.xlsx\">HeadNurse<\/a>.<\/p>\n\n\n\n<p>Lee sobre el programa de asesor\u00edas de OCP, en <a href=\"https:\/\/mentoring-coaching.msf.org\/wp-content\/uploads\/2019\/04\/OCP-mentoring-brochure-FR.pdf\">franc\u00e9s<\/a> o <a href=\"https:\/\/mentoring-coaching.msf.org\/wp-content\/uploads\/2019\/04\/OCP-mentoring-brochure-EN.pdf\">ingl\u00e9s<\/a>. S\u00f3lo en ingl\u00e9s, puedes leer aqu\u00ed un res\u00famen de una evaluaci\u00f3n del programa de 2018.<\/p>\n\n\n\n<div class=\"wp-block-group is-layout-flow\"><div class=\"wp-block-group__inner-container\">\n<h6 class=\"wp-block-heading\"><strong>Intersectionnal Field Comms<\/strong><\/h6>\n\n\n\n<p>Complete la autoevaluaci\u00f3n correspondiente a la posici\u00f3n (<a rel=\"noreferrer noopener\" href=\"https:\/\/mentoring-coaching.msf.org\/wp-content\/uploads\/2019\/10\/Template_2016_Mentee_Folder_FCo.xlsx\" target=\"_blank\">FCo<\/a>,&nbsp;<a rel=\"noreferrer noopener\" href=\"https:\/\/mentoring-coaching.msf.org\/wp-content\/uploads\/2019\/10\/Template_2017_Mentee_Folder_FCM.xlsx\" target=\"_blank\">FCM<\/a>,&nbsp;<a rel=\"noreferrer noopener\" href=\"https:\/\/mentoring-coaching.msf.org\/wp-content\/uploads\/2019\/10\/Template_2018_Mentee_Folder_RCC.xlsx\" target=\"_blank\">RCC<\/a>) que est\u00e1 a punto de comenzar y comp\u00e1rtala con el gestor del programa de mentoring.<\/p>\n<\/div><\/div>\n<\/div>\n<\/div>\n\n\n\n<div style=\"height:40px\" aria-hidden=\"true\" class=\"wp-block-spacer\"><\/div>\n\n\n\n<h2 class=\"wp-block-heading\">Herramientas para el mentoring<\/h2>\n\n\n\n<p>Hay un curso de <a href=\"https:\/\/mentoring-coaching.msf.org\/introduction-mentoring-coaching\/#\/\">introducci\u00f3n a mentoring y coaching<\/a>. Est\u00e1 abierto a todos, pero fue dise\u00f1ado con pupilos y coachees en mente.<\/p>\n\n\n\n<p>La \u2018caja de herramientas\u2019 (toolbox)\/documento de excel, que puedes encontrar <a href=\"https:\/\/mentoring-coaching.msf.org\/wp-content\/uploads\/2019\/08\/Toolbox.xlsx\">aqu\u00ed<\/a>.<\/p>\n\n\n\n<p>La \u2018herramienta de relaci\u00f3n\u2019 es una bit\u00e1cora digital, una plataforma web que el mentor y el pupilo pueden usar a lo largo del proceso. Consulta el <a href=\"https:\/\/youtu.be\/64V-fecewZQ\">video de introducci\u00f3n<\/a>, el del <a href=\"https:\/\/youtu.be\/NXA90nH7Agg\">acuerdo mutuo<\/a> y el de las <a href=\"https:\/\/youtu.be\/pBjhhIoZrlg\">sesiones de di\u00e1logo<\/a>.<\/p>\n\n\n\n<h2 class=\"wp-block-heading\">Convertirse en un Mentor?<\/h2>\n\n\n\n<p>Para un mejor entendimiento del trabajo de un mentor, <a href=\"https:\/\/mentoring-coaching.msf.org\/wp-content\/uploads\/2018\/07\/Memo_Mentor_Profile_draft_20180509.pdf\">consulta este documento<\/a>, que describe el trabajo de un mentor, las habilidades, experiencia y compromiso necesarios que busca MSF. Encontrar\u00e1s tambi\u00e9n los requisitos (experiencia) y los principios de mentoring de MSF. Para aplicar, <a href=\"https:\/\/mentoring-coaching.msf.org\/wp-content\/uploads\/2018\/07\/Form_Mentor_Application_v2018.pdf\">descarga, llena y env\u00eda este PDF<\/a> al punto focal de mentoring de tu OC (arriba).<\/p>\n\n\n\n<h2 class=\"wp-block-heading\">C\u00f3digo de pr\u00e1ctica<\/h2>\n\n\n\n<p><a href=\"https:\/\/mentoring-coaching.msf.org\/wp-content\/uploads\/2020\/07\/Code-of-Conduct-Mentoring-Programmes.pdf\">Este es un recurso tanto para los mentores como para los pupilos<\/a>.&nbsp; Establece la actitud y comportamientos que conducen a una relaci\u00f3n de aprendizaje exitosa. Te alentamos a leerlo y discutirlo con tu Gestor del Programa de Mentoring y con tu mentor\/pupilo.<\/p>\n","protected":false},"excerpt":{"rendered":"<p>For general information about mentoring and mentoring activities, refer to your OC focal point below. OCAOCA Mentoring OCBAnna De VriesGestor del programa de mentoring y formaciones OCBAGosia Kopica Gestoras del programa de mentoring y coaching OCGCoaching-Mentoring-OCG.GVA@geneva.msf.orgGestor del programa de mentoring OCPSt\u00e9phanie Michel NillesGestora del programa de mentoring MSF CanadaS\u00e9bastien GaudetteGestor del programa de mentoring Field [&hellip;]<\/p>\n","protected":false},"author":6,"featured_media":4056,"parent":2540,"menu_order":0,"comment_status":"closed","ping_status":"closed","template":"","meta":{"_uag_custom_page_level_css":""},"yoast_head":"<!-- This site is optimized with the Yoast SEO plugin v20.8 - https:\/\/yoast.com\/wordpress\/plugins\/seo\/ -->\n<title>Contactos y herramientas para mentoring &ndash; MSF Mentoring &amp; Coaching Hub<\/title>\n<meta name=\"robots\" content=\"index, follow, max-snippet:-1, max-image-preview:large, max-video-preview:-1\" \/>\n<link rel=\"canonical\" href=\"https:\/\/mentoring-coaching.msf.org\/?page_id=2484&lang=es\" \/>\n<meta property=\"og:locale\" content=\"en_US\" \/>\n<meta property=\"og:type\" content=\"article\" \/>\n<meta property=\"og:title\" content=\"Contactos y herramientas para mentoring &ndash; MSF Mentoring &amp; Coaching Hub\" \/>\n<meta property=\"og:description\" content=\"For general information about mentoring and mentoring activities, refer to your OC focal point below. OCAOCA Mentoring OCBAnna De VriesGestor del programa de mentoring y formaciones OCBAGosia Kopica Gestoras del programa de mentoring y coaching OCGCoaching-Mentoring-OCG.GVA@geneva.msf.orgGestor del programa de mentoring OCPSt\u00e9phanie Michel NillesGestora del programa de mentoring MSF CanadaS\u00e9bastien GaudetteGestor del programa de mentoring Field [&hellip;]\" \/>\n<meta property=\"og:url\" content=\"https:\/\/mentoring-coaching.msf.org\/?page_id=2484&amp;lang=es\" \/>\n<meta property=\"og:site_name\" content=\"MSF Mentoring &amp; Coaching Hub\" \/>\n<meta property=\"article:modified_time\" content=\"2026-01-29T17:47:48+00:00\" \/>\n<meta property=\"og:image\" content=\"https:\/\/mentoring-coaching.msf.org\/wp-content\/uploads\/2022\/01\/contactos-y-herramientas-para-mentoring.jpg\" \/>\n\t<meta property=\"og:image:width\" content=\"1058\" \/>\n\t<meta property=\"og:image:height\" content=\"1496\" \/>\n\t<meta property=\"og:image:type\" content=\"image\/jpeg\" \/>\n<meta name=\"twitter:card\" content=\"summary_large_image\" \/>\n<meta name=\"twitter:label1\" content=\"Est. reading time\" \/>\n\t<meta name=\"twitter:data1\" content=\"3 minutes\" \/>\n<script type=\"application\/ld+json\" class=\"yoast-schema-graph\">{\"@context\":\"https:\/\/schema.org\",\"@graph\":[{\"@type\":\"WebPage\",\"@id\":\"https:\/\/mentoring-coaching.msf.org\/?page_id=2484&lang=es\",\"url\":\"https:\/\/mentoring-coaching.msf.org\/?page_id=2484&lang=es\",\"name\":\"Contactos y herramientas para mentoring &ndash; MSF Mentoring &amp; Coaching Hub\",\"isPartOf\":{\"@id\":\"https:\/\/mentoring-coaching.msf.org\/#website\"},\"datePublished\":\"2020-01-24T09:12:30+00:00\",\"dateModified\":\"2026-01-29T17:47:48+00:00\",\"breadcrumb\":{\"@id\":\"https:\/\/mentoring-coaching.msf.org\/?page_id=2484&lang=es#breadcrumb\"},\"inLanguage\":\"en-US\",\"potentialAction\":[{\"@type\":\"ReadAction\",\"target\":[\"https:\/\/mentoring-coaching.msf.org\/?page_id=2484&lang=es\"]}]},{\"@type\":\"BreadcrumbList\",\"@id\":\"https:\/\/mentoring-coaching.msf.org\/?page_id=2484&lang=es#breadcrumb\",\"itemListElement\":[{\"@type\":\"ListItem\",\"position\":1,\"name\":\"Home\",\"item\":\"https:\/\/mentoring-coaching.msf.org\/?lang=en\"},{\"@type\":\"ListItem\",\"position\":2,\"name\":\"\u00bfQu\u00e9 Es Mentoring?\",\"item\":\"https:\/\/mentoring-coaching.msf.org\/?page_id=2540&lang=es\"},{\"@type\":\"ListItem\",\"position\":3,\"name\":\"Contactos y herramientas para mentoring\"}]},{\"@type\":\"WebSite\",\"@id\":\"https:\/\/mentoring-coaching.msf.org\/#website\",\"url\":\"https:\/\/mentoring-coaching.msf.org\/\",\"name\":\"MSF Mentoring &amp; Coaching Hub\",\"description\":\"\",\"publisher\":{\"@id\":\"https:\/\/mentoring-coaching.msf.org\/#organization\"},\"potentialAction\":[{\"@type\":\"SearchAction\",\"target\":{\"@type\":\"EntryPoint\",\"urlTemplate\":\"https:\/\/mentoring-coaching.msf.org\/?s={search_term_string}\"},\"query-input\":\"required name=search_term_string\"}],\"inLanguage\":\"en-US\"},{\"@type\":\"Organization\",\"@id\":\"https:\/\/mentoring-coaching.msf.org\/#organization\",\"name\":\"Mentoring &Coaching Hub \u2013 Doctors Without Borders\",\"url\":\"https:\/\/mentoring-coaching.msf.org\/\",\"logo\":{\"@type\":\"ImageObject\",\"inLanguage\":\"en-US\",\"@id\":\"https:\/\/mentoring-coaching.msf.org\/#\/schema\/logo\/image\/\",\"url\":\"https:\/\/mentoring-coaching.msf.org\/wp-content\/uploads\/2019\/11\/MCHub-logo-white-small-RGB.jpg\",\"contentUrl\":\"https:\/\/mentoring-coaching.msf.org\/wp-content\/uploads\/2019\/11\/MCHub-logo-white-small-RGB.jpg\",\"width\":628,\"height\":408,\"caption\":\"Mentoring &Coaching Hub \u2013 Doctors Without Borders\"},\"image\":{\"@id\":\"https:\/\/mentoring-coaching.msf.org\/#\/schema\/logo\/image\/\"}}]}<\/script>\n<!-- \/ Yoast SEO plugin. -->","yoast_head_json":{"title":"Contactos y herramientas para mentoring &ndash; MSF Mentoring &amp; Coaching Hub","robots":{"index":"index","follow":"follow","max-snippet":"max-snippet:-1","max-image-preview":"max-image-preview:large","max-video-preview":"max-video-preview:-1"},"canonical":"https:\/\/mentoring-coaching.msf.org\/?page_id=2484&lang=es","og_locale":"en_US","og_type":"article","og_title":"Contactos y herramientas para mentoring &ndash; MSF Mentoring &amp; Coaching Hub","og_description":"For general information about mentoring and mentoring activities, refer to your OC focal point below. OCAOCA Mentoring OCBAnna De VriesGestor del programa de mentoring y formaciones OCBAGosia Kopica Gestoras del programa de mentoring y coaching OCGCoaching-Mentoring-OCG.GVA@geneva.msf.orgGestor del programa de mentoring OCPSt\u00e9phanie Michel NillesGestora del programa de mentoring MSF CanadaS\u00e9bastien GaudetteGestor del programa de mentoring Field [&hellip;]","og_url":"https:\/\/mentoring-coaching.msf.org\/?page_id=2484&lang=es","og_site_name":"MSF Mentoring &amp; Coaching Hub","article_modified_time":"2026-01-29T17:47:48+00:00","og_image":[{"width":1058,"height":1496,"url":"https:\/\/mentoring-coaching.msf.org\/wp-content\/uploads\/2022\/01\/contactos-y-herramientas-para-mentoring.jpg","type":"image\/jpeg"}],"twitter_card":"summary_large_image","twitter_misc":{"Est. reading time":"3 minutes"},"schema":{"@context":"https:\/\/schema.org","@graph":[{"@type":"WebPage","@id":"https:\/\/mentoring-coaching.msf.org\/?page_id=2484&lang=es","url":"https:\/\/mentoring-coaching.msf.org\/?page_id=2484&lang=es","name":"Contactos y herramientas para mentoring &ndash; MSF Mentoring &amp; Coaching Hub","isPartOf":{"@id":"https:\/\/mentoring-coaching.msf.org\/#website"},"datePublished":"2020-01-24T09:12:30+00:00","dateModified":"2026-01-29T17:47:48+00:00","breadcrumb":{"@id":"https:\/\/mentoring-coaching.msf.org\/?page_id=2484&lang=es#breadcrumb"},"inLanguage":"en-US","potentialAction":[{"@type":"ReadAction","target":["https:\/\/mentoring-coaching.msf.org\/?page_id=2484&lang=es"]}]},{"@type":"BreadcrumbList","@id":"https:\/\/mentoring-coaching.msf.org\/?page_id=2484&lang=es#breadcrumb","itemListElement":[{"@type":"ListItem","position":1,"name":"Home","item":"https:\/\/mentoring-coaching.msf.org\/?lang=en"},{"@type":"ListItem","position":2,"name":"\u00bfQu\u00e9 Es Mentoring?","item":"https:\/\/mentoring-coaching.msf.org\/?page_id=2540&lang=es"},{"@type":"ListItem","position":3,"name":"Contactos y herramientas para mentoring"}]},{"@type":"WebSite","@id":"https:\/\/mentoring-coaching.msf.org\/#website","url":"https:\/\/mentoring-coaching.msf.org\/","name":"MSF Mentoring &amp; Coaching Hub","description":"","publisher":{"@id":"https:\/\/mentoring-coaching.msf.org\/#organization"},"potentialAction":[{"@type":"SearchAction","target":{"@type":"EntryPoint","urlTemplate":"https:\/\/mentoring-coaching.msf.org\/?s={search_term_string}"},"query-input":"required name=search_term_string"}],"inLanguage":"en-US"},{"@type":"Organization","@id":"https:\/\/mentoring-coaching.msf.org\/#organization","name":"Mentoring &Coaching Hub \u2013 Doctors Without Borders","url":"https:\/\/mentoring-coaching.msf.org\/","logo":{"@type":"ImageObject","inLanguage":"en-US","@id":"https:\/\/mentoring-coaching.msf.org\/#\/schema\/logo\/image\/","url":"https:\/\/mentoring-coaching.msf.org\/wp-content\/uploads\/2019\/11\/MCHub-logo-white-small-RGB.jpg","contentUrl":"https:\/\/mentoring-coaching.msf.org\/wp-content\/uploads\/2019\/11\/MCHub-logo-white-small-RGB.jpg","width":628,"height":408,"caption":"Mentoring &Coaching Hub \u2013 Doctors Without Borders"},"image":{"@id":"https:\/\/mentoring-coaching.msf.org\/#\/schema\/logo\/image\/"}}]}},"uagb_featured_image_src":{"full":["https:\/\/mentoring-coaching.msf.org\/wp-content\/uploads\/2022\/01\/contactos-y-herramientas-para-mentoring.jpg",1058,1496,false],"thumbnail":["https:\/\/mentoring-coaching.msf.org\/wp-content\/uploads\/2022\/01\/contactos-y-herramientas-para-mentoring-150x150.jpg",150,150,true],"medium":["https:\/\/mentoring-coaching.msf.org\/wp-content\/uploads\/2022\/01\/contactos-y-herramientas-para-mentoring-212x300.jpg",212,300,true],"medium_large":["https:\/\/mentoring-coaching.msf.org\/wp-content\/uploads\/2022\/01\/contactos-y-herramientas-para-mentoring-768x1086.jpg",640,905,true],"large":["https:\/\/mentoring-coaching.msf.org\/wp-content\/uploads\/2022\/01\/contactos-y-herramientas-para-mentoring-724x1024.jpg",640,905,true],"1536x1536":["https:\/\/mentoring-coaching.msf.org\/wp-content\/uploads\/2022\/01\/contactos-y-herramientas-para-mentoring.jpg",1058,1496,false],"2048x2048":["https:\/\/mentoring-coaching.msf.org\/wp-content\/uploads\/2022\/01\/contactos-y-herramientas-para-mentoring.jpg",1058,1496,false]},"uagb_author_info":{"display_name":"Hossein Ghasemi","author_link":"https:\/\/mentoring-coaching.msf.org\/?author=6"},"uagb_comment_info":0,"uagb_excerpt":"For general information about mentoring and mentoring activities, refer to your OC focal point below. OCAOCA Mentoring OCBAnna De VriesGestor del programa de mentoring y formaciones OCBAGosia Kopica Gestoras del programa de mentoring y coaching OCGCoaching-Mentoring-OCG.GVA@geneva.msf.orgGestor del programa de mentoring OCPSt\u00e9phanie Michel NillesGestora del programa de mentoring MSF CanadaS\u00e9bastien GaudetteGestor del programa de mentoring Field&hellip;","_links":{"self":[{"href":"https:\/\/mentoring-coaching.msf.org\/index.php?rest_route=\/wp\/v2\/pages\/2484"}],"collection":[{"href":"https:\/\/mentoring-coaching.msf.org\/index.php?rest_route=\/wp\/v2\/pages"}],"about":[{"href":"https:\/\/mentoring-coaching.msf.org\/index.php?rest_route=\/wp\/v2\/types\/page"}],"author":[{"embeddable":true,"href":"https:\/\/mentoring-coaching.msf.org\/index.php?rest_route=\/wp\/v2\/users\/6"}],"replies":[{"embeddable":true,"href":"https:\/\/mentoring-coaching.msf.org\/index.php?rest_route=%2Fwp%2Fv2%2Fcomments&post=2484"}],"version-history":[{"count":28,"href":"https:\/\/mentoring-coaching.msf.org\/index.php?rest_route=\/wp\/v2\/pages\/2484\/revisions"}],"predecessor-version":[{"id":4669,"href":"https:\/\/mentoring-coaching.msf.org\/index.php?rest_route=\/wp\/v2\/pages\/2484\/revisions\/4669"}],"up":[{"embeddable":true,"href":"https:\/\/mentoring-coaching.msf.org\/index.php?rest_route=\/wp\/v2\/pages\/2540"}],"wp:featuredmedia":[{"embeddable":true,"href":"https:\/\/mentoring-coaching.msf.org\/index.php?rest_route=\/wp\/v2\/media\/4056"}],"wp:attachment":[{"href":"https:\/\/mentoring-coaching.msf.org\/index.php?rest_route=%2Fwp%2Fv2%2Fmedia&parent=2484"}],"curies":[{"name":"wp","href":"https:\/\/api.w.org\/{rel}","templated":true}]}}